69 is divided by 474?
421
Calculate the remainder when 13292 is divided by 4425.
17
Calculate the remainder when 92081 is divided by 69.
35
Calculate the remainder when 36864 is divided by 784.
16
What is the remainder when 125789 is divided by 15722?
13
What is the remainder when 37584 is divided by 737?
734
Calculate the remainder when 993 is divided by 167.
158
What is the remainder when 16734 is divided by 60?
54
What is the remainder when 33975 is divided by 586?
573
What is the remainder when 10758 is divided by 395?
93
What is the remainder when 73315 is divided by 312?
307
What is the remainder when 4194 is divided by 27?
9
What is the remainder when 67729 is divided by 53?
48
What is the remainder when 10477 is divided by 2617?
9
What is the remainder when 50861 is divided by 176?
173
Calculate the remainder when 8065 is divided by 127.
64
What is the remainder when 19936 is divided by 91?
7
Calculate the remainder when 553 is divided by 348.
205
Calculate the remainder when 736 is divided by 248.
240
Calculate the remainder when 2968498 is divided by 134.
130
Calculate the remainder when 3974 is divided by 317.
170
What is the remainder when 1630 is divided by 148?
2
What is the remainder when 9245 is divided by 708?
41
What is the remainder when 1287241 is divided by 7849?
5
Calculate the remainder when 950393 is divided by 1049.
1048
Calculate the remainder when 8322 is divided by 2763.
33
Calculate the remainder when 1934 is divided by 19.
15
What is the remainder when 251261 is divided by 28?
17
What is the remainder when 20980 is divided by 6980?
40
Calculate the remainder when 96461 is divided by 70.
1
Calculate the remainder when 13218 is divided by 113.
110
Calculate the remainder when 78 is divided by 67.
11
What is the remainder when 248 is divided by 85?
78
What is the remainder when 3861 is divided by 440?
341
What is the remainder when 2730706 is divided by 9?
7
What is the remainder when 5069 is divided by 433?
306
What is the remainder when 88856 is divided by 3?
2
What is the remainder when 5117 is divided by 945?
392
Calculate the remainder when 1424496 is divided by 18.
12
Calculate the remainder when 69745 is divided by 106.
103
What is the remainder when 141681 is divided by 3?
0
What is the remainder when 22088 is divided by 115?
8
What is the remainder when 67292 is divided by 29?
12
What is the remainder when 1143797 is divided by 190?
187
What is the remainder when 1856 is divided by 45?
11
What is the remainder when 234678 is divided by 6902?
10
What is the remainder when 1836 is divided by 27?
0
Calculate the remainder when 579802 is divided by 6.
4
Calculate the remainder when 7581 is divided by 52.
41
Calculate the remainder when 106888 is divided by 7630.
68
What is the remainder when 101283 is divided by 662?
659
Calculate the remainder when 2262 is divided by 2177.
85
Calculate the remainder when 2157 is divided by 250.
157
What is the remainder when 130662 is divided by 178?
10
Calculate the remainder when 1116 is divided by 76.
52
Calculate the remainder when 2500 is divided by 52.
4
Calculate the remainder when 2424 is divided by 296.
56
What is the remainder when 3539 is divided by 111?
98
Calculate the remainder when 280 is divided by 123.
34
What is the remainder when 90110 is divided by 1431?
1388
What is the remainder when 215695 is divided by 68?
67
Calculate the remainder when 27855 is divided by 2.
1
What is the remainder when 14490 is divided by 1114?
8
What is the remainder when 2135 is divided by 950?
235
Calculate the remainder when 129664 is divided by 18.
10
What is the remainder when 528571 is divided by 22?
21
What is the remainder when 98534 is divided by 57?
38
What is the remainder when 6282 is divided by 698?
0
Calculate the remainder when 202408 is divided by 41.
32
What is the remainder when 99845 is divided by 99842?
3
Calculate the remainder when 2171 is divided by 313.
293
Calculate the remainder when 6495 is divided by 6494.
1
What is the remainder when 32130 is divided by 16061?
8
What is the remainder when 47314 is divided by 46997?
317
Calculate the remainder when 63160 is divided by 33.
31
Calculate the remainder when 4767 is divided by 364.
35
What is the remainder when 125443 is divided by 20907?
1
Calculate the remainder when 50437 is divided by 50420.
17
What is the remainder when 113043 is divided by 521?
507
What is the remainder when 12755 is divided by 20?
15
What is the remainder when 16850 is divided by 8420?
10
Calculate the remainder when 66678 is divided by 126.
24
Calculate the remainder when 102309 is divided by 10230.
9
Calculate the remainder when 15420 is divided by 482.
478
Calculate the remainder when 1309098 is divided by 13.
11
What is the remainder when 876367 is divided by 62?
59
Calculate the remainder when 7901 is divided by 44.
25
What is the remainder when 8732 is divided by 8718?
14
What is the remainder when 521278 is divided by 40?
38
What is the remainder when 6703 is divided by 146?
133
What is the remainder when 36161 is divided by 133?
118
Calculate the remainder when 2515 is divided by 2327.
188
What is the remainder when 67324 is divided by 4207?
12
What is the remainder when 4367 is divided by 390?
77
What is the remainder when 256365 is divided by 28484?
9
What is the remainder when 2211 is divided by 469?
335
Calculate the remainder when 476592 is divided by 205.
172
What is the remainder when 9944 is divided by 1565?
554
Calculate the remainder when 26547 is divided by 150.
147
What is the remainder when 5366 is divided by 84?
74
What is the remainder when 2145 is divided by 257?
89
What is the remainder when 1616100 is divided by 9?
6
What is the remainder when 221894 is divided by 73955?
29
Calculate the remainder when 12964 is divided by 4277.
133
What is the remainder when 116454 is divided by 127?
122
What is the remainder when 8150238 is divided by 608?
606
What is the remainder when 1173236 is divided by 36?
32
Calculate the remainder when 237497 is divided by 1153.
1132
Calculate the remainder when 562967 is divided by 80422.
13
What is the remainder when 508057 is divided by 19?
16
What is the remainder when 2080 is divided by 2016?
64
Calculate the remainder when 8705 is divided by 623.
606
Calculate the remainder when 228384 is divided by 42.
30
What is the remainder when 1061 is divided by 266?
263
What is the remainder when 101508 is divided by 33835?
3
What is the remainder when 6527 is divided by 211?
197
Calculate the remainder when 8335 is divided by 449.
253
Calculate the remainder when 5864 is divided by 203.
180
Calculate the remainder when 13325 is divided by 41.
0
Calculate the remainder when 34455 is divided by 2717.
1851
What is the remainder when 84278 is divided by 8?
6
What is the remainder when 223065 is divided by 174?
171
Calculate the remainder when 35135 is divided by 137.
63
What is the remainder when 602 is divided by 583?
19
What is the remainder when 1257330 is divided by 122?
120
What is the remainder when 2438 is divided by 446?
208
Calculate the remainder when 1381 is divided by 351.
328
Calculate the remainder when 2477 is divided by 224.
13
What is the remainder when 9451 is divided by 51?
16
What is the remainder when 464 is divided by 340?
124
What is the remainder when 10515 is divided by 582?
39
Calculate the remainder when 59199 is divided by 2465.
39
What is the remainder when 2032 is divided by 28?
16
What is the remainder when 56991 is divided by 104?
103
What is the remainder when 14732 is divided by 31?
7
What is the remainder when 148700 is divided by 97?
96
Calculate the remainder when 937 is divided by 41.
35
Calculate the remainder when 52884 is divided by 13194.
108
What is the remainder when 40214 is divided by 55?
9
What is the remainder when 1746350 is divided by 31?
27
What is the remainder when 600 is divided by 280?
40
Calculate the remainder when 66306 is divided by 9424.
338
What is the remainder when 3253 is divided by 120?
13
Calculate the remainder when 19716 is divided by 9718.
280
What is the remainder when 5731 is divided by 124?
27
What is the remainder when 109846 is divided by 1340?
1306
What is the remainder when 3507 is divided by 234?
231
Calculate th